{"id":25,"date":"2025-12-09T20:45:47","date_gmt":"2025-12-09T20:45:47","guid":{"rendered":"https:\/\/sofieknitf.at\/?page_id=25"},"modified":"2025-12-10T13:47:18","modified_gmt":"2025-12-10T13:47:18","slug":"about","status":"publish","type":"page","link":"https:\/\/sofieknitf.at\/?page_id=25","title":{"rendered":"About"},"content":{"rendered":"\n<figure class=\"wp-block-image size-large\"><img loading=\"lazy\" decoding=\"async\" width=\"1024\" height=\"683\" src=\"https:\/\/sofieknitf.at\/wp-content\/uploads\/2025\/12\/10-1024x683.jpg\" alt=\"\" class=\"wp-image-42\" srcset=\"https:\/\/sofieknitf.at\/wp-content\/uploads\/2025\/12\/10-1024x683.jpg 1024w, https:\/\/sofieknitf.at\/wp-content\/uploads\/2025\/12\/10-300x200.jpg 300w, https:\/\/sofieknitf.at\/wp-content\/uploads\/2025\/12\/10-768x512.jpg 768w, https:\/\/sofieknitf.at\/wp-content\/uploads\/2025\/12\/10-1536x1024.jpg 1536w, https:\/\/sofieknitf.at\/wp-content\/uploads\/2025\/12\/10.jpg 1981w\" sizes=\"auto, (max-width: 1024px) 100vw, 1024px\" \/><figcaption class=\"wp-element-caption\"><strong>\u00a9<\/strong>Anne Geier Photography<\/figcaption><\/figure>\n\n\n\n<p>Ich bin Sofie \u2013 aufgewachsen im Salzkammergut, umgeben von Handwerk, traditionellen Materialien und einem tiefen Verst\u00e4ndnis f\u00fcr Natur und Gestaltung. Diese Umgebung hat fr\u00fch meine Liebe zu handwerklichen Prozessen gepr\u00e4gt.<\/p>\n\n\n\n<p>Urspr\u00fcnglich habe ich eine Ausbildung zur Tischlertechnikerin abgeschlossen und sp\u00e4ter Lehramt an der Kunstuniversit\u00e4t studiert. Dort begann ich mich intensiver mit Materialforschung, Textilien und deren historischen, kulturellen und gestalterischen Dimensionen auseinanderzusetzen \u2013 und bin schlie\u00dflich genau dort geblieben: bei Fasern, Gewebe, Strukturen und textilen Geschichten.<\/p>\n\n\n\n<p>Heute arbeite ich als Kunstp\u00e4dagogin an einem Gymnasium und gebe mein Wissen \u00fcber Kunst, Gestaltung und handwerkliche Verfahren an junge Menschen weiter. In meinem eigenen Atelier verbinde ich textile Techniken, k\u00fcnstlerische Ans\u00e4tze und Materialbewusstsein zu zeitgen\u00f6ssischen Textilarbeiten und kleinen Serien, die in sorgf\u00e4ltiger Handarbeit entstehen.<\/p>\n\n\n\n<p>Handwerk, Kunst und Vermittlung geh\u00f6ren f\u00fcr mich zusammen \u2013 und pr\u00e4gen jede Arbeit, die ich mache.<\/p>\n","protected":false},"excerpt":{"rendered":"<p>Ich bin Sofie \u2013 aufgewachsen im Salzkammergut, umgeben von Handwerk, traditionellen Materialien und einem tiefen Verst\u00e4ndnis f\u00fcr Natur und Gestaltung. Diese Umgebung hat fr\u00fch meine Liebe zu handwerklichen Prozessen gepr\u00e4gt. Urspr\u00fcnglich habe ich eine Ausbildung zur Tischlertechnikerin abgeschlossen und sp\u00e4ter Lehramt an der Kunstuniversit\u00e4t studiert. Dort begann ich mich intensiver mit Materialforschung, Textilien und deren [&hellip;]<\/p>\n","protected":false},"author":1,"featured_media":0,"parent":0,"menu_order":0,"comment_status":"closed","ping_status":"closed","template":"","meta":{"footnotes":""},"class_list":["post-25","page","type-page","status-publish","hentry"],"_links":{"self":[{"href":"https:\/\/sofieknitf.at\/index.php?rest_route=\/wp\/v2\/pages\/25","targetHints":{"allow":["GET"]}}],"collection":[{"href":"https:\/\/sofieknitf.at\/index.php?rest_route=\/wp\/v2\/pages"}],"about":[{"href":"https:\/\/sofieknitf.at\/index.php?rest_route=\/wp\/v2\/types\/page"}],"author":[{"embeddable":true,"href":"https:\/\/sofieknitf.at\/index.php?rest_route=\/wp\/v2\/users\/1"}],"replies":[{"embeddable":true,"href":"https:\/\/sofieknitf.at\/index.php?rest_route=%2Fwp%2Fv2%2Fcomments&post=25"}],"version-history":[{"count":3,"href":"https:\/\/sofieknitf.at\/index.php?rest_route=\/wp\/v2\/pages\/25\/revisions"}],"predecessor-version":[{"id":56,"href":"https:\/\/sofieknitf.at\/index.php?rest_route=\/wp\/v2\/pages\/25\/revisions\/56"}],"wp:attachment":[{"href":"https:\/\/sofieknitf.at\/index.php?rest_route=%2Fwp%2Fv2%2Fmedia&parent=25"}],"curies":[{"name":"wp","href":"https:\/\/api.w.org\/{rel}","templated":true}]}}